{"id":1615,"date":"2023-08-08T10:19:11","date_gmt":"2023-08-08T08:19:11","guid":{"rendered":"https:\/\/website.pa-online.it\/sperlinga\/?page_id=1615"},"modified":"2023-08-08T10:20:01","modified_gmt":"2023-08-08T08:20:01","slug":"sagra-del-tortone","status":"publish","type":"page","link":"https:\/\/website-preprod.pa-online.it\/sperlinga\/sagra-del-tortone\/","title":{"rendered":"Sagra del Tortone"},"content":{"rendered":"<p>Sagre<\/p>\n<p>La Sagra del tortone si svolge il 16 agosto: non si tratta di una grande torta, ma di un dolce locale gustosissimo e dal sapore inimitabile.<br \/>\nLa sagra \u00e8 caratteristica perch\u00e9 si svolge nello spiazzo antistante il suggestivo castello rupestre di Sperlinga, considerato tra i pi\u00f9 belli del suo genere in Europa.<\/p>\n<p>Per l&#8217;occasione sono presenti stand enogastronomici dove \u00e8 possibile gustare il tortone e lo straordinario vino della zona, nonch\u00e9 bancarelle con prodotti dell&#8217;artigianato locale, musica e danze.<\/p>\n<p>&nbsp;<\/p>\n","protected":false},"excerpt":{"rendered":"<p>Sagre La Sagra del tortone si svolge il 16 agosto: non si tratta di una grande torta, ma di un dolce locale gustosissimo e dal sapore inimitabile. La sagra \u00e8 caratteristica perch\u00e9 si svolge nello spiazzo [&hellip;]<\/p>\n","protected":false},"author":21,"featured_media":0,"parent":0,"menu_order":0,"comment_status":"closed","ping_status":"closed","template":"page-templates\/template-completo.php","meta":{"_lmt_disableupdate":"","_lmt_disable":"","footnotes":""},"class_list":["post-1615","page","type-page","status-publish","hentry"],"_links":{"self":[{"href":"https:\/\/website-preprod.pa-online.it\/sperlinga\/wp-json\/wp\/v2\/pages\/1615","targetHints":{"allow":["GET"]}}],"collection":[{"href":"https:\/\/website-preprod.pa-online.it\/sperlinga\/wp-json\/wp\/v2\/pages"}],"about":[{"href":"https:\/\/website-preprod.pa-online.it\/sperlinga\/wp-json\/wp\/v2\/types\/page"}],"author":[{"embeddable":true,"href":"https:\/\/website-preprod.pa-online.it\/sperlinga\/wp-json\/wp\/v2\/users\/21"}],"replies":[{"embeddable":true,"href":"https:\/\/website-preprod.pa-online.it\/sperlinga\/wp-json\/wp\/v2\/comments?post=1615"}],"version-history":[{"count":2,"href":"https:\/\/website-preprod.pa-online.it\/sperlinga\/wp-json\/wp\/v2\/pages\/1615\/revisions"}],"predecessor-version":[{"id":1617,"href":"https:\/\/website-preprod.pa-online.it\/sperlinga\/wp-json\/wp\/v2\/pages\/1615\/revisions\/1617"}],"wp:attachment":[{"href":"https:\/\/website-preprod.pa-online.it\/sperlinga\/wp-json\/wp\/v2\/media?parent=1615"}],"curies":[{"name":"wp","href":"https:\/\/api.w.org\/{rel}","templated":true}]}}